+ 5*i**2 - 6*i**c. Determine v(6).
0
Let h be (-10*(-2)/12)/(312/117 + -1). Let c(m) = 10*m**3 + 2*m**2 - 2*m. Give c(h).
10
Suppose 14 = d - w, 5*d = 101*w - 106*w + 40. Let q(p) = -10*p + 109. Calculate q(d).
-1
Suppose -3*r = 3*s - 6, 37 = 3*s - r + 15. Let b(c) = -2 + 2 + 0 - c**2 - s*c + 8. Calculate b(-8).
-8
Let x(h) = -113*h + 114*h + 14 + 15 - 30 + 3*h**2. Let r = 10 - 7. Determine x(r).
29
Let d(f) = -f**3 + 3*f**2 - 10*f + 1. Let o(n) = 120*n - 2037. Let a be o(17). Calculate d(a).
-29
Let j = -16 - -7. Let y(r) = -293*r**3 + 146*r**3 + 6*r**2 + 4*r**2 + 148*r**3 + 2 - r**2. Give y(j).
2
Let h = 24464 + -24494. Let z(k) = -k**3 - 30*k**2 + 3*k - 6. Give z(h).
-96
Let g(f) = 29*f**2 - 7*f - 23. Let y(l) = 35*l**2 - 5*l - 23. Let h(n) = -6*g(n) + 5*y(n). Calculate h(-15).
-7
Let m = 433 - 426. Let o(d) = -16 + 0 - 3 + 4 + 5*d**2 + m*d**2 + 14*d - d**3. Calculate o(13).
-2
Suppose -7*k + 2*q = -2*k - 83, 1 = k - 3*q. Let s(l) = -l**3 + 19*l**2 + l - 12. Calculate s(k).
7
Let a(i) = i**3 - 11*i**2 - 11*i - 3. Suppose -3*d + 1073 = -q, 5*q + 505 = 4*d - 911. Let f = d - 347. What is a(f)?
9
Suppose -5*q + 274 = -c, -q + 6*q + 2*c = 262. Let p = 54 - q. Let a(y) = -1 + p*y**2 - y**2 - 2 + y. What is a(-3)?
-15
Let n(r) = 18*r + 5 - 35*r + 13*r + 10*r. Let c = -82 + 79. Give n(c).
-13
Let o(m) = 31*m**2 - 28*m - 62. Let f(b) = 57*b**2 - 51*b - 123. Let q(h) = -6*f(h) + 11*o(h). What is q(-7)?
21
Let a be 0/(-1) + 0 + 2. Suppose -11 = -4*k + 5*v - 2, -5*k + 9 = -4*v. Let l(u) = 5 + u**3 + k - a - 2*u**2 - 7 - 2*u. What is l(3)?
0
Let m(i) be the first derivative of i**2/2 - 3*i + 1. Let c(l) = -14*l + 67. Let k be c(4). Suppose k*o = 7*o + 20. What is m(o)?
2
Let i(r) = -3*r**2 + r. Let p(x) = 8*x**2 + x + 22. Let l(z) = -6*i(z) - 2*p(z). What is l(-4)?
20
Let p(m) = -7*m - 97. Let j(d) = -4*d - 49. Let i(z) = 5*j(z) - 2*p(z). Let h(a) = a + 7. Let l(t) = 15*h(t) + 2*i(t). Calculate l(-2).
-3
Let n(w) = w**3 - 2*w**2 - 4*w + 4. Let y(f) = -f**2 + f + 15. Let a be ((-3)/(-3) - -1)/2. Let v be (a - 3/(-15))/((-3)/(-10)). Let s be y(v). Calculate n(s).
1
Let p(v) = -8*v**3 - 3*v**2 - 4*v - 1. Let o be p(-1). Let z(d) = -d**3 + 4*d**2 + 31*d + 13. Give z(o).
5
Let t(x) = -x**3 + x - 16. Let s be (94 - -1) + 72/24. Let o = 98 - s. Give t(o).
-16
Let o(r) = 4*r**2 - 9*r + 60. Let x(j) = -13. Let t(c) = -o(c) - 4*x(c). Calculate t(3).
-17
Let s(f) be the first derivative of -f**5/60 + f**4/4 + 2*f**3/3 + 29*f**2/2 + f - 193. Let y(c) be the second derivative of s(c). Give y(3).
13
Let u(d) = 16*d + 1. Suppose 193*m - 148*m - 45 = 0. Calculate u(m).
17
Let g(i) = 2*i**2 - 7*i + 12. Let q be g(2). Let x(z) = 11 - 6 + 3 - 12*z - q. Determine x(1).
-10
Let b(k) = -k**2 + 15*k + 16. Suppose -4*j = 2*z - 74, -5*z - 43 = -10*j + 8*j. Give b(j).
-60
Let r(c) = 9*c**2 + 5*c**3 + 712 + 4*c**2 - 713 - 7*c - 4*c**3 - 4*c. Determine r(-14).
-43
Suppose 0 = 124*r - 818 - 484 - 186. Let y(g) = g**2 - 14*g - 1. Let u(k) = -k + 1. Let w(x) = -2*u(x) + y(x). Determine w(r).
-3
Suppose -4*o = -2*o - g + 49, g + 119 = -5*o. Let n(b) = -6*b + 9. Let u(c) = -c + 1. Let a(v) = o*u(v) + 3*n(v). What is a(3)?
21
Let a(f) be the first derivative of f**3/3 + 10*f**2 + 49*f + 1275. Determine a(-17).
-2
Let h(j) = 6*j + 3. Let l(a) = 1 - 239*a - 5 + 236*a + 2. Let g(m) = 4*h(m) + 7*l(m). What is g(5)?
13
Let y(r) = r**2 - 2. Let f(h) = -h**2 - h - 1. Let n(q) = -8*q**2 - 7*q - 6. Let z(i) = 6*f(i) - n(i). Let x(m) = -y(m) + z(m). Give x(-3).
8
Suppose 4 = -y + 9 - 12. Let w(m) = 13*m + 2. Determine w(y).
-89
Suppose g = -2*g + 6. Let d(u) be the second derivative of u**5/20 + u**4/12 - u**3/6 - 4*u + 25. Determine d(g).
10
Suppose 12*n + 8*n - 60 = 0. Let k(w) = n + 3 + 1 - 4 - 5*w - 5 - 3*w**2. Calculate k(-3).
-14
Let x(c) = c**3 + 8*c**2 - 4*c - 35. Let l be x(-8). Let n(g) = -2 + g + 0*g + 0*g**2 - 2*g**2 - g**3 + g. What is n(l)?
1
Let v(p) = p + 1. Let k be (5 + ((-42)/24 - 3))*8. Let i be 7 + (-16)/k + 0. Calculate v(i).
0
Let s(z) = -3 - 246*z**2 + 3*z + 245*z**2 + 6*z + 0*z - 4*z. What is s(-2)?
-17
Let f(s) = 4*s**2 - 216*s + 222*s - s**2. Let n(t) = -2*t**2 - 5*t. Let l(p) = -5*f(p) - 6*n(p). Let z be (5 - 5) + 1 + 0. Give l(z).
-3
Let q = -74795 + 74813. Let w(u) = -14 + u + 18*u**2 - u**3 - 6 + 5. Determine w(q).
3
Let s be (-3 + 4)*-3 - 9/(-1). Let r(q) = 5*q**2 + 7*q - s*q**2 - 1 - q + 0 + 9. Give r(6).
8
Let a(u) = 3*u - 6. Let n be (320/20 - 7) + -8 + 0. Determine a(n).
-3
Let w(p) = -15*p - 448. Suppose 5*h = -q - 40, -5*q + 33*h - 32*h - 148 = 0. Calculate w(q).
2
Let g(v) = -v**3 + 29*v**2 - 53*v - 44. Suppose 2*i = -4*z + 3*i + 114, z + i - 21 = 0. Give g(z).
-17
Let y(a) = a**3 + 7*a**2 + 2*a + 6. Suppose -x = 3*x + 2*j - 40, j = 3*x - 40. Suppose x*s = -156 + 72. Calculate y(s).
-8
Let q(t) be the first derivative of 4*t + 0*t**2 - 1/3*t**3 - 19 - 1/4*t**4. Let d = 2 - 2. What is q(d)?
4
Suppose 113*q + 40 - 571 = 712. Let x(o) = o**3 - 10*o**2 - 6*o - 24. What is x(q)?
31
Let v(x) = -x**3 - 3*x**2 + 7*x + 6. Let n(l) = -34*l + 267. Let w(j) = j - 2. Let k(f) = -n(f) + 5*w(f). Let o be k(7). Determine v(o).
-6
Let d(w) = 18*w**2 - 2*w + 1. Suppose 0 = 54*u - 59*u - 10. Let j be 11 + (-15 - -10) - (3 - u). Give d(j).
17
Let c(a) = a + 4. Let o(b) = b + 2 + 11 - 9. Let p(l) = 6*c(l) - 7*o(l). Give p(-5).
1
Let i(n) = -n**3 - 12*n**2 + n + 6. Let v = 278 + -272. Suppose -v*x - 91 = -19. Calculate i(x).
-6
Suppose 37 - 17 = 4*l - 4*t, 3*l + t = 23. Let a(d) = d**2 - 7*d - 10. What is a(l)?
-10
Let f(l) = 113*l**2 - 456*l + 29. Let x be f(4). Let m(b) = -b**3 + 12*b**2 + 7*b + 3. Determine m(x).
-75
Let z(c) be the third derivative of 0*c + 0 - 111*c**2 + 1/24*c**4 + 0*c**3. Give z(-4).
-4
Let o be 16 - (13 - 4) - (4 - 0). Let k(z) be the first derivative of -z**3/3 + 3. Calculate k(o).
-9
Suppose 5*r + 41 = f, -2*f + 32 = -3*r - 50. Let z(v) = -3*v**2 + 122*v + 31. Calculate z(f).
-10
Let r = 16 - 13. Let a(m) = -8*m**2 + 3 - m**2 - r*m + 8*m**2. Determine a(-3).
3
Let s(z) be the second derivative of z**4/12 + 2*z**3/3 + z**2 + 25*z + 3. Suppose -a - 1 = -2*a. Let t be -7 + (-4 + a - -5). Give s(t).
7
Suppose -75*n + 128*n - 66*n = -26. Let q(y) = 32*y - 35. What is q(n)?
29
Let g(l) = 2*l - 14. Let d be g(7). Let q(t) be the first derivative of -t**4/4 - t**3/3 - t**2/2 - 4*t - 2884. Give q(d).
-4
Let i(j) = -j**3 - j**2 - j + 8. Let c(t) = -2*t**3 - 5*t**2 - 2*t + 6. Let a(s) = 2*c(s) - 3*i(s). Calculate a(-8).
60
Let d(h) = -3*h**2 - 16*h - 4. Let s = 769 - 773. Let g(j) = -7*j**2 - 36*j - 8. Let b(i) = s*g(i) + 9*d(i). Calculate b(0).
-4
Let w(n) = -3*n - 14. Let l be w(-16). Let p = 86 - l. Let v = p - 55. Let h(g) = -g**3 - 3*g**2 + 4*g + 4. Calculate h(v).
-8
Let b(l) be the first derivative of l**2/2 - 40*l + 5674. Calculate b(26).
-14
Let i(z) = -5*z**2 - z + 2. Let f be (-60)/(-16) - 4/(-16). Determine i(f).
-82
Let d(a) = -a**3 + 7*a**2 + a - 29. Suppose 0 = -5*z + 4*n - n + 18, -4*z = 2*n - 32. Calculate d(z).
13
Suppose 26*d - 31*d = -4*g - 23, 2*g - 4*d = -16. Let s(h) be the first derivative of h + 1/4*h**4 + 0*h**2 + 1/3*h**3 - 16. What is s(g)?
-3
Let o(m) = 3*m**3 - 7*m**2 - 15*m - 11. Let d(i) = -i**3 + 2*i**2 + 5*i + 4. Suppose 17*a + 31 + 20 = 0. Let l(f) = a*o(f) - 8*d(f). Give l(6).
-5
Let u(i) = i**2 + 8*i - 5. Suppose -14 = -3*h - 2*c, 4*h + 2*c = 7*h - 10. Suppose 4*o - 2*o - w = -16, 14 = -5*o - h*w. What is u(o)?
-17
Let f(y) = -11*y**2 - 23*y - 119. Let a(i) = -5*i**2 - 10*i - 55. Let g(k) = -13*a(k) + 6*f(k). Determine g(-6).
13
Suppose 0 = -t + 2*i - 5, t - 3*i + 6 = -t. Let d(g) be the first derivative of g**2 - 2*g - 3313. Calculate d(t).
4
Let f(k) be the second derivative of -k**3/2 - k**2/2 - k. Suppose -4*g + 4*l = -16, 23*l = -3*g + 18*l - 4. Suppose g*z + 8 = 0, 7 = 2*a - 5*z - 19. Give f(a).
-10
Let k(h) be the second derivative of 3*h - 19/6*h**3 - 1/40*h**5 + 1/2*h**2 + 7/24*h**4 + 13. Let v(c) be the second derivative of k(c). What is v(3)?
-2
Suppose 41*r + 96 = 35*r. Let m be ((-24)/(-2))/(14 + r). Let y(i) = -i**3 - 6*i**2 - 5*i - 9. Give y(m).
21
Let c = -6076 + 6074. Let v(d) = -d**2 - d - 2. Calculate v(c).
-4
Let u(c) = -c**2 - 11*c + 16. Let y be u(-12). Let o(m) be the third derivative of m**4/24 + m